p) = -3*p + 15. What is g(h)?
-6
Let n = -4 - -7. Suppose 4 = 5*p - n*p. Let g(d) be the first derivative of -2*d**3/3 + d**2/2 + d + 26. What is g(p)?
-5
Let z(g) = 4*g**3 + 1 + 8*g**2 + 8*g + 3 - 3*g**3 - 3. Let l(o) = -o + 1. Let p be l(8). What is z(p)?
-6
Let a(k) be the first derivative of k**6/360 + k**5/20 + 5*k**4/24 - k**3 + 2. Let h(j) be the third derivative of a(j). Determine h(-5).
0
Suppose -x + 6 = 2*u, -5*u + 22 + 3 = 0. Let r(s) be the first derivative of -s**3/3 - s**2 - 2*s - 51. Give r(x).
-10
Let s(r) = 3*r - 25. Let x(n) = n - 16. Let q(p) = -s(p) + 2*x(p). Calculate q(-8).
1
Suppose -4*x + 154 = 10*x. Suppose -3*o = 26 - x. Let f(p) = 2*p**2 + 8*p + 6. Determine f(o).
16
Let g(v) = -12*v - 5. Let r(o) = 4*o**2 + 21*o + 14. Let a be r(-4). Give g(a).
67
Let s(w) = 4*w**2 + 4. Let a(r) = -r**2 - r + 1. Let j(g) = 3*a(g) + s(g). Calculate j(0).
7
Let s(i) = 37 - 32*i**2 + 7*i + 40*i**2 - 9*i**2. What is s(11)?
-7
Let q be (-3*(-1)/3*0)/(-2). Let m(b) = -b**3 - b**2 + b - 21. Give m(q).
-21
Let h(w) = -2*w**2 - 35 - 6*w + 68 - 29. Give h(-5).
-16
Let p(a) be the second derivative of a**3/3 - 11*a**2/2 - 4*a. Let m be p(4). Let s(t) = -t + 4. Calculate s(m).
7
Let g(z) = -z - 7. Let d be g(-4). Let c be (2 - 3)*1 - d. Let x(f) = -2*f - 7*f**2 + 15*f**2 - 5*f**2 + c. What is x(2)?
10
Let b(w) be the second derivative of w**6/180 - w**5/120 + 3*w**4/2 + 8*w. Let j(c) be the third derivative of b(c). Determine j(1).
3
Suppose -8*l + 79 + 209 = 0. Let b = l - 28. Let f(z) = z**2 - 7*z - 4. What is f(b)?
4
Suppose c = -2*l + 3*l + 5, -c = l - 5. Suppose o + 3 + 3 = l. Let t(d) = 2*d + 8. What is t(o)?
-4
Let r(o) = o**2 + 15*o + 12. Suppose -82*z - 2*z - 1176 = 0. Calculate r(z).
-2
Suppose -10*f - 65 = -5. Let l(k) = k**3 + 7*k**2 + 7*k + 6. Calculate l(f).
0
Let p(m) = 3*m + 2. Let x(u) = u**3 - 8*u**2 + 3. Let n be x(8). Let j be -5*n/(-10)*-2. Give p(j).
-7
Let r be -4*(-3)/24*2. Let l(u) = 32*u**3 + u**2 - u. Give l(r).
32
Let u(o) = 3. Let h(f) = -17*f + f + 14*f. Let n(p) = h(p) + u(p). What is n(7)?
-11
Let u(s) = s**3 - 7*s**2 - 5*s - 9. Let d be u(8). Let v(c) = -d*c**3 + c**2 + c + 0 + 0 + 11*c**3. Determine v(-1).
4
Let b(y) = y**2 - 8*y + 2. Let v(x) = x - 1. Let w(l) = -b(l) + 3*v(l). Let k be ((-3)/6)/(5/(-70)). What is w(k)?
23
Let s(l) = l**2 - 15*l - 3. Let x(h) = 4*h**2 - 63*h - 11. Let g(k) = -9*s(k) + 2*x(k). Determine g(9).
5
Let j(d) = -17*d**2 + 28*d - 4. Let k(u) = 12*u**2 - 19*u + 2. Let g(x) = 5*j(x) + 7*k(x). Calculate g(9).
-24
Suppose 0 = -5*z - 2*g - 2, -g = 3*z - 0*g + 1. Suppose z = 5*y + 10*y - 30. Let k(b) = -2*b**2 + b + 2. Determine k(y).
-4
Let m(p) = p - 811*p**3 + 809*p**3 - p + 4*p**2. What is m(3)?
-18
Let x(h) = 49*h**2. Let t be 196/147*(-3)/4. Give x(t).
49
Let a(s) = -96 + 12*s + 180 - 5*s**2 - 95 + s - s**3. Calculate a(-7).
-4
Let l(n) be the third derivative of -n**6/120 + n**5/20 - n**4/12 + n**3/6 + 4*n**2. Let z = 5 - 9. Let w = z + 5. What is l(w)?
1
Let d(y) = y**3 - 13*y**2 - 4*y - 4. Let o(s) = -s**3 + 14*s**2 + 4*s + 3. Let g(k) = -7*d(k) - 6*o(k). Determine g(8).
-22
Let g(a) be the second derivative of a**3 + a**2/2 + a. Suppose 4 = 2*z - 3*d, -13 = -z - 0*d - 4*d. Suppose -2*v + z*v = 6. Give g(v).
13
Let y(b) = b**2 - 6*b - 3. Let f = -80 - -97. Suppose -j - 11 + f = 0. Determine y(j).
-3
Let t = -57 + 67. Let f(y) = 122 - 2*y - 120 + t*y. What is f(2)?
18
Let t(q) = -2*q - 5. Let h be t(-4). Suppose 3*p - 11 = a, -h*p - 2*p + 17 = -3*a. Let x be a*(4 - 3) + 3. Let n(f) = -f. Determine n(x).
-4
Let c be (-26)/91 - 74/(-14). Suppose -2*g + 5 = x - 3, c*g = x + 13. Let f(o) = 0 - 2*o + 6 - 7 + x. What is f(-3)?
7
Let g = -13 + 8. Let c(w) = -14*w**2 + 6*w - 4*w**2 + 3*w**2 + 5*w**2 + 11*w**2 + 7. Calculate c(g).
2
Let n = 11 + -6. Suppose 7*r + 2 = 8*r. Let c(k) = -3 - 4 + 3 + k - r. Determine c(n).
-1
Let p(h) = -h - 1. Let y(r) = -r**2 + 9*r - 3. Let k be (-33)/4 - (-12)/(-16). Let t = k - -17. Let w be y(t). Calculate p(w).
-6
Let q(o) = -o**2 + 2. Suppose -7*l = -10*l + 6. Suppose x + 5*c = -17, -8 = -l*x + 5*c + 3. Calculate q(x).
-2
Let k(l) = l**3 + 5*l**2 - l + 1. Let u be k(-5). Let r(m) = 2*m + 9*m**2 - 3*m - 10*m**2 - u*m. Let v = 10 - 16. Determine r(v).
6
Let k(z) = -z - 6. Let v = -644 - -637. Calculate k(v).
1
Suppose -9*a = -10*a - 5*w + 5, -3*w = -3*a - 3. Let l(d) = -d**2 + d - 2. Let p(s) = -5*s**2 + 5*s - 10. Let k(i) = 11*l(i) - 2*p(i). What is k(a)?
-2
Suppose -10*i + 7 = 7. Let v(f) = f - 1. Determine v(i).
-1
Let g be (2*4)/(-1) - -2. Let u(q) = -3*q - 68. Let d(o) = o + 24. Let w(h) = 11*d(h) + 4*u(h). Calculate w(g).
-2
Let x(g) = g**2 - 5*g - 7. Let m(w) = 6*w**2 + 161*w - 19. Let a be m(-27). Calculate x(a).
17
Let t(c) = 5*c. Let u be t(2). Let n be ((-15)/u)/(6/(-20)). Suppose -n*y - 3 = 2. Let b(w) = -3*w**2 + 1. What is b(y)?
-2
Let j = 674 + -659. Suppose 5*i = 2*b + 5, b + 22 = 3*i - 4*b. Let n be (i + j)/((-6)/(-3)). Let a(x) = -x**2 + 6*x + 4. Determine a(n).
-3
Suppose 8*g = 11*g - 5*o - 26, 0 = 2*g + 2*o + 4. Let a(q) = 5*q**2 - 2. Give a(g).
18
Let v = -636 - -632. Let f(w) = -17*w - 23. Let k be 1/1*(-1 - 7). Let x(p) = 11*p + 15. Let m(h) = k*x(h) - 5*f(h). What is m(v)?
7
Let x(z) = -9*z**2 + 13*z + 18. Let k(u) = 2*u**2 - u - 3. Let h(m) = 5*k(m) + x(m). Let l(i) = -i**3 - 6*i**2 + 2*i + 6. Let b be l(-6). Determine h(b).
-9
Let k(m) be the first derivative of 7/3*m**3 + 5/2*m**2 + 1/4*m**4 - 4*m - 22. What is k(-6)?
2
Let i(o) be the second derivative of -o**6/360 - o**5/12 - 13*o**4/12 + 3*o. Let s(y) be the third derivative of i(y). Calculate s(-7).
4
Let i(t) = 40 - t**2 + 67 + 12*t - 101. Calculate i(12).
6
Let z(n) = 6*n**2 - 2*n + 1. Suppose 3*o - l = 58, o = -o - 2*l + 44. Suppose h - o = -3*h. Suppose -j + 4*j + s = -1, 0 = -h*j + 4*s + 21. Calculate z(j).
5
Suppose -83 = 7*b - 34. Let x(p) = -3*p - 9. Calculate x(b).
12
Let m = 3 - 6. Let i(v) be the second derivative of v**3/2 + 3*v**2/2 - 125*v. Calculate i(m).
-6
Let w(x) be the first derivative of x**6/360 + x**5/30 - x**4/4 - 11*x**3/3 - 20. Let d(u) be the third derivative of w(u). Determine d(-5).
-1
Let j(h) = -h**3 - h**2 + h - 1. Let f(t) = t**2 - 13*t. Suppose 0 = 8*n - 4*n - 52. Let a be f(n). Calculate j(a).
-1
Suppose 0 = -5*w + 15, -2*x - 3*w = -3*x - 13. Let y(a) be the second derivative of a**3/3 - 3*a**2/2 - 5*a. What is y(x)?
-11
Let z(x) = 26*x**3 + x**2 - 1. Suppose -13 = -99*k + 86*k. What is z(k)?
26
Let v(s) = -3*s**2 + 25*s - 49. Let h be v(5). Let w(p) be the third derivative of -p**5/20 + p**4/24 - p**3/6 + p**2. Determine w(h).
-3
Let g be 1/(-5) - 12/15. Let k(d) be the third derivative of -7*d**4/24 + 16*d**2. Calculate k(g).
7
Let i(r) = -14*r + 98. Let b be i(7). Let g(s) = -9 + s + s**3 + 15*s**2 + 10*s**2 - 24*s**2. Determine g(b).
-9
Let s be (-2)/3 + 6/9. Let k be 210/25 - 4/10. Let b(o) = k + 0*o**2 - 4*o + 5*o + o**2. Give b(s).
8
Let m(s) = -s**2 + 5*s + 23. Let p(c) = -c**3 + 9*c + 8. Let r be p(3). What is m(r)?
-1
Let g(r) be the first derivative of -5*r**2/2 + 21*r + 141. Give g(4).
1
Let y(a) be the first derivative of -4*a**3/3 + 9*a**2/2 - 2*a - 930. What is y(2)?
0
Let s = 21 + -18. Let n(c) = 5*c**2 - 10*c - 2. Let j(f) = -4*f**2 + 9*f + 2. Let x(t) = s*n(t) + 4*j(t). Let h be 10/2 - 1/(-1). Determine x(h).
2
Suppose 0 = g + g. Suppose g = 2*s + 15 - 5. Let d(y) = 3*y + 4*y - 8*y + 6. Determine d(s).
11
Let m be -17 + (3 - -3) - -4. Let q(w) = -w**3 - 6*w**2 + 7*w + 3. What is q(m)?
3
Let l(o) = -27*o**3 - o**2. Let z = 568 - 567. Calculate l(z).
-28
Let b(o) be the first derivative of -3*o**3 - o + 1. Let i be 285/(-3) - (-5)/(15/(-9)). Let u = i + 99. Determine b(u).
-10
Let i(k) = -2*k**2 - 4. Let q(z) = 1 - 3 + 3. Let d(p) = i(p) + 3*q(p). Calculate d(1).
-3
Let w be (5 - 15 - -9)*1/(-20). Let x(k) be the second derivative of 2*k + 0 + 4*k**2 - 5/6*k**3 - 7/12*k**4 - w*k**5. What is x(-6)?
2
Let d(b) be the third derivative of b**4/24 - 3*b**3/2 - 3*b**2 - 12*b. Let h be 2 + (-6)/4*-4. Calculate d(h).
-1
Let n(v) be the first derivative of 4*v**2 - v + 142. Give n(-1).
-9
Let b(m) = m**2 - 12*m - 4. Let a(o) = -o**3 + 14*o**2 + 6*o + 141. Let h be a(15). Give b(h).
-40
Let o be (-1 - -1)/(1 - -1). Let a be o/((-1)